{"id":6044,"date":"2021-11-12T12:50:54","date_gmt":"2021-11-12T12:50:54","guid":{"rendered":"https:\/\/kayasec.com.ar\/kayanew\/?post_type=product&#038;p=6044"},"modified":"2021-11-12T12:52:38","modified_gmt":"2021-11-12T12:52:38","slug":"aplique-atr-600-atenneas","status":"publish","type":"product","link":"https:\/\/kayasec.com.ar\/kayanew\/producto\/aplique-atr-600-atenneas\/","title":{"rendered":"Aplique ATR 600 &#8211; Atenneas"},"content":{"rendered":"<h5><span style=\"color: #800000\">LINEA AS: Rosetas y curvas<\/span><\/h5>\n<p>&nbsp;<\/p>\n<p><i class=\"fa fa-chevron-circle-right\"><\/i><span style=\"color: #ff6600\">&#8211; Livianos y muy resistentes, permiten perforaciones.<\/span><\/p>\n<p><span style=\"color: #ff6600\"><i class=\"fa fa-chevron-circle-right\"><\/i>&#8211; Acabado final que permite aplicar cualquier tipo de pintura o revestimiento.<\/span><\/p>\n<p><span style=\"color: #ff6600\"><i class=\"fa fa-chevron-circle-right\"><\/i>&#8211; De f\u00e1cil y r\u00e1pida instalaci\u00f3n, se adhieren con pegamento especial Atenneas.<\/span><\/p>\n","protected":false},"excerpt":{"rendered":"<h6><strong>APLIQUES DECORATIVOS<\/strong><\/h6>\n<p>Apliques elaboradas\u00a0en espuma de poliuretano de alta densidad, con imprimaci\u00f3n blanca que asegura un \u00f3ptimo acabado final. Especialmente ideados para resolver est\u00e9ticamente centros o para crear motivos decorativos tanto en techos como en paredes.<\/p>\n","protected":false},"featured_media":6045,"comment_status":"open","ping_status":"closed","template":"","meta":[],"product_cat":[135,136],"product_tag":[],"_links":{"self":[{"href":"https:\/\/kayasec.com.ar\/kayanew\/wp-json\/wp\/v2\/product\/6044"}],"collection":[{"href":"https:\/\/kayasec.com.ar\/kayanew\/wp-json\/wp\/v2\/product"}],"about":[{"href":"https:\/\/kayasec.com.ar\/kayanew\/wp-json\/wp\/v2\/types\/product"}],"replies":[{"embeddable":true,"href":"https:\/\/kayasec.com.ar\/kayanew\/wp-json\/wp\/v2\/comments?post=6044"}],"wp:featuredmedia":[{"embeddable":true,"href":"https:\/\/kayasec.com.ar\/kayanew\/wp-json\/wp\/v2\/media\/6045"}],"wp:attachment":[{"href":"https:\/\/kayasec.com.ar\/kayanew\/wp-json\/wp\/v2\/media?parent=6044"}],"wp:term":[{"taxonomy":"product_cat","embeddable":true,"href":"https:\/\/kayasec.com.ar\/kayanew\/wp-json\/wp\/v2\/product_cat?post=6044"},{"taxonomy":"product_tag","embeddable":true,"href":"https:\/\/kayasec.com.ar\/kayanew\/wp-json\/wp\/v2\/product_tag?post=6044"}],"curies":[{"name":"wp","href":"https:\/\/api.w.org\/{rel}","templated":true}]}}